hat are the prime factors of 290554939?
17, 17091467
List the prime factors of 277474651.
19, 109, 133981
List the prime factors of 237591103.
53, 257, 17443
What are the prime factors of 1261080100?
2, 5, 7, 229, 7867
What are the prime factors of 1354002694?
2, 11, 193, 318889
List the prime factors of 14486118.
2, 3, 2414353
What are the prime factors of 135798026?
2, 7, 13, 23, 32441
What are the prime factors of 380959748?
2, 13, 1277, 5737
List the prime factors of 5354728.
2, 17, 39373
List the prime factors of 99609901.
563, 176927
List the prime factors of 980539076.
2, 11, 22284979
List the prime factors of 57222219.
3, 19074073
List the prime factors of 34068468.
2, 3, 7, 405577
What are the prime factors of 1068203673?
3, 31, 59, 97, 223
What are the prime factors of 2171704407?
3, 4567, 158507
What are the prime factors of 265340443?
23, 11536541
What are the prime factors of 94498180?
2, 5, 7, 674987
List the prime factors of 16180766.
2, 7, 37, 31237
List the prime factors of 3300966124.
2, 825241531
What are the prime factors of 881333442?
2, 3, 11, 4451179
List the prime factors of 1289481688.
2, 11, 17, 563, 1531
List the prime factors of 1044303861.
3, 293, 1188059
List the prime factors of 63474893.
1607, 39499
List the prime factors of 463625207.
17, 37, 737083
List the prime factors of 669449477.
17, 19, 23, 97, 929
What are the prime factors of 9918443?
373, 26591
List the prime factors of 502311266.
2, 251155633
What are the prime factors of 1403387231?
443, 3167917
List the prime factors of 418793554.
2, 19, 73, 223, 677
List the prime factors of 20392230.
2, 3, 5, 679741
What are the prime factors of 28778532?
2, 3, 2398211
List the prime factors of 295673833.
7, 13, 3249163
List the prime factors of 135824910.
2, 3, 5, 13, 348269
List the prime factors of 173471724.
2, 3, 113, 42643
What are the prime factors of 1588041393?
3, 337, 1570763
What are the prime factors of 99621670?
2, 5, 29, 47, 7309
List the prime factors of 34106104.
2, 127, 33569
List the prime factors of 1602026723.
11, 145638793
What are the prime factors of 1004253522?
2, 3, 181, 924727
What are the prime factors of 200890052?
2, 11, 109, 41887
What are the prime factors of 5976374243?
7, 25601, 33349
What are the prime factors of 3374695?
5, 251, 2689
What are the prime factors of 19623433?
2851, 6883
What are the prime factors of 141536398?
2, 59, 1199461
List the prime factors of 69941552.
2, 4371347
What are the prime factors of 127210623?
3, 47, 421, 2143
What are the prime factors of 90534964?
2, 13, 109, 15973
List the prime factors of 158689498.
2, 11, 1217, 5927
What are the prime factors of 38805487?
7, 53, 104597
What are the prime factors of 753351008?
2, 23542219
List the prime factors of 19092050.
2, 5, 381841
What are the prime factors of 31163334?
2, 3, 5193889
List the prime factors of 1665506172.
2, 3, 11, 373, 33827
List the prime factors of 3445397799.
3, 6563, 174991
What are the prime factors of 204080369?
53, 1103, 3491
What are the prime factors of 1000833403?
2887, 346669
What are the prime factors of 372012583?
372012583
List the prime factors of 2127423481.
71, 29963711
List the prime factors of 49136703.
3, 7, 11, 37, 5749
List the prime factors of 100003249.
109, 917461
List the prime factors of 26234500.
2, 5, 71, 739
What are the prime factors of 723112861?
331, 2184631
What are the prime factors of 1138511076?
2, 3, 61, 1555343
List the prime factors of 23556423.
3, 11, 713831
List the prime factors of 6277612463.
6277612463
What are the prime factors of 29371137?
3, 9790379
What are the prime factors of 648273115?
5, 7, 37, 47, 10651
List the prime factors of 69080208.
2, 3, 1439171
What are the prime factors of 567939825?
3, 5, 17, 37, 4013
List the prime factors of 1868596303.
7, 163, 1637683
List the prime factors of 2529380504.
2, 7, 59, 73, 10487
List the prime factors of 1765979519.
1787, 988237
List the prime factors of 8078740.
2, 5, 17, 23761
List the prime factors of 694276651.
17, 31, 1317413
What are the prime factors of 3028270091?
7, 11, 23, 277, 6173
List the prime factors of 686633866.
2, 343316933
What are the prime factors of 171084643?
257, 547, 1217
What are the prime factors of 1852131605?
5, 370426321
List the prime factors of 49460250.
2, 3, 5, 7, 9421
What are the prime factors of 159706320?
2, 3, 5, 409, 1627
List the prime factors of 126816022.
2, 17, 3729883
What are the prime factors of 5974547?
5974547
List the prime factors of 6146607061.
7, 878086723
What are the prime factors of 405545707?
7, 67, 2521
List the prime factors of 7911283.
359, 22037
What are the prime factors of 24566119?
24566119
List the prime factors of 3280747726.
2, 89, 18431167
What are the prime factors of 292541147?
101, 2896447
List the prime factors of 1597797405.
3, 5, 1031, 34439
What are the prime factors of 3506041384?
2, 438255173
What are the prime factors of 17321796?
2, 3, 160387
What are the prime factors of 494621756?
2, 19, 6508181
List the prime factors of 108323351.
19, 59, 71, 1361
List the prime factors of 414475136.
2, 89, 36383
List the prime factors of 948596.
2, 11, 21559
List the prime factors of 124301262.
2, 3, 71, 431, 677
What are the prime factors of 685861428?
2, 3, 7, 281, 593
List the prime factors of 1171605444.
2, 3, 31, 37, 85121
What are the prime factors of 1116849534?
2, 3, 109, 227, 7523
What are the prime factors of 115622936?
2, 11, 13, 211, 479
What are the prime factors of 333607987?
333607987
List the prime factors of 104674593.
3, 17, 47, 43669
What are the prime factors of 1944004593?
3, 103, 6291277
What are the prime factors of 228467618?
2, 269, 424661
List the prime factors of 340476881.
43, 2791, 2837
List the prime factors of 796286016.
2, 3, 71, 19471
What are the prime factors of 172022947?
172022947
List the prime factors of 429627062.
2, 214813531
What are the prime factors of 176099341?
11, 251, 63781
List the prime factors of 4892485.
5, 13, 75269
List the prime factors of 276726001.
276726001
What are the prime factors of 142117043?
142117043
List the prime factors of 411181705.
5, 11, 1217, 6143
List the prime factors of 614874752.
2, 4803709
What are the prime factors of 528098661?
3, 5233, 11213
What are the prime factors of 339964709?
7, 29, 1674703
List the prime factors of 438115652.
2, 13, 311, 27091
What are the prime factors of 4508746351?
443, 2939, 3463
What are the prime factors of 158854460?
2, 5, 17, 29, 16111
List the prime factors of 835647834.
2, 3, 7, 19896377
What are the prime factors of 44605198?
2, 11, 19, 89, 109
List the prime factors of 547700552.
2, 7, 9780367
What are the prime factors of 14727565?
5, 19, 155027
List the prime factors of 13795019.
7, 281531
List the prime factors of 384459902.
2, 29, 73, 90803
What are the prime factors of 552742121?
31, 17830391
List the prime factors of 46173935.
5, 509, 18143
List the prime factors of 60486680.
2, 5, 17, 88951
What are the prime factors of 62394509?
739, 84431
What are the prime factors of 841895221?
61, 13801561
List the prime factors of 968612634.
2, 3, 11, 727, 2243
What are the prime factors of 64149756?
2, 3, 11, 59, 8237
What are the prime factors of 700934102?
2, 11, 107, 131, 2273
List the prime factors of 511123503.
3, 11, 19, 23, 67
What are the prime factors of 2061294170?
2, 5, 13, 131, 121039
What are the prime factors of 105242556?
2, 3, 8770213
List the prime factors of 86523737.
86523737
List the prime factors of 1507257565.
5, 11, 373, 73471
List the prime factors of 2835428021.
41, 337, 205213
List the prime factors of 169768274.
2, 13, 101, 4973
List the prime factors of 1027493688.
2, 3, 13, 73, 197, 229
What are the prime factors of 122357321?
19, 911, 7069
List the prime factors of 2247637742.
2, 7, 37, 619867
List the prime factors of 1087633324.
2, 6091, 44641
List the prime factors of 294562742.
2, 6661, 22111
What are the prime factors of 11421275?
5, 461, 991
List the prime factors of 308890292.
2, 97, 239, 3331
What are the prime factors of 58119159?
3, 7, 2767579
What are the prime factors of 246190533?
3, 83, 349, 2833
List the prime factors of 30341638.
2, 151, 100469
What are the prime factors of 1376115376?
2, 349, 246439
What are the prim